) + -1).
-4
What is the value of -1 - ((2 - 5) + 9) - -4?
-3
What is (7 - 12 - 0) + 7 + 0?
2
-8 + 19 + -8 + -7
-4
Evaluate (-2 - 0) + (6 - 1).
3
5 + -4 + (-4 + 0 - -3)
0
What is the value of 2 + 1 + -3 - 0?
0
Evaluate -23 + 14 + (4 - -1).
-4
What is the value of -1 + 3 + -8 - -4?
-2
Evaluate (2 - (-4 + 3)) + 3 - 3.
3
What is the value of 14 + (4 - 4 - 2) + -5?
7
(4 - 6) + (8 - 1)
5
What is 5 + (-5 - -1 - 0)?
1
1 - (-3 + -1 + 1 - -1)
3
-4 - -10 - (12 - 12)
6
Evaluate -6 + 12 + -8 - (1 + 1).
-4
Evaluate 5 + -2 + 0 + 3 - 2.
4
7 - 1 - (-130 + 142)
-6
What is 0 - -3 - (-10 - -5 - -7)?
1
4 - (-12 + 8 - -10)
-2
What is the value of (-37 - -37 - (0 + -3)) + -1?
2
What is the value of (13 - (17 + -7)) + -10 + 0?
-7
Calculate -7 - ((9 - 18) + -4).
6
-2 + 2 + (5 - 9)
-4
Evaluate 3 + (4 - 4) - -2.
5
What is the value of 1 + -5 - (-3 - (-8 - -11))?
2
What is the value of (-4 - (-3 + 4)) + 5 + 8?
8
Evaluate (12 + -12 - -13) + -21.
-8
Evaluate -4 - ((-11 - -13) + (-11 - 0)).
5
(-3 - (-10 + 6)) + (1 - -1)
3
What is the value of -3 - ((1 - 1 - -4) + -3)?
-4
What is 5 + (2 - -2 - 8)?
1
What is -2 + (-7 - -13) + 0?
4
What is the value of -2 + 0 + 2 - (-1 + -4)?
5
-4 - (-11 + 7 - (-1 + -2))
-3
What is 7 + -4 + -1 + -5?
-3
Calculate (0 - 9 - -9) + (3 - 0).
3
What is the value of (5 - 8) + 15 + -15?
-3
What is (-5 - 1) + -51 + 57 + 5?
5
Evaluate (-1 - -8) + -3 + 0 + -8.
-4
What is the value of -7 - ((-2 - -1) + 2 - 0)?
-8
8 + (8 - 4) + -6
6
What is -12 - (4 + 4 + -15 + 1)?
-6
What is the value of (9 + -12 - 7) + 7?
-3
Evaluate 1 + (-15 - -9) - (0 - 14).
9
(-14 - (-5 - -2)) + 6
-5
What is the value of -8 + -3 + 3 + 3?
-5
What is the value of 0 + 2 + -1 + 8 + -5?
4
Calculate 0 + 2 - (-7 + 6).
3
What is the value of -5 + 4 - -8 - 13?
-6
What is 2 + -3 + 2 + -6?
-5
Calculate -11 + (5 - -2) - (-2 + 1).
-3
Calculate -5 - -14 - (0 - -15).
-6
Evaluate 0 + (1 + -1 - 5) - -5.
0
Calculate (-9 - -5 - -3) + 4 + -5.
-2
Calculate 9 - 0 - (-5 + 8 + 2).
4
6 + (-12 - -11) + -13
-8
What is 11 - 22 - (3 + -2 + -5)?
-7
Evaluate 12 + -12 + (0 - 5).
-5
8 - (-8 + 5 + (-4 - -6))
9
What is the value of 4 - (4 + -11 - -12)?
-1
Evaluate -1 + (7 - -4) - 8.
2
What is the value of -3 - -6 - (2 + -1 - 1)?
3
What is the value of -1 - -3 - -2 - (-3 + 7)?
0
1 + -3 + 5 - (5 - 0)
-2
Calculate -1 - (0 - 1 - 0).
0
Calculate (3 - 19 - -3) + (8 - 3).
-8
Evaluate -33 - -29 - (-1 - 9).
6
Evaluate -7 + 1 + 47 + -45 - -6.
2
10 + 0 + -2 + -5 + 2
5
-4 + 11 - (-9 + 14)
2
What is (-25 + 9 - -10) + 5?
-1
What is the value of -6 - ((-14 - -17) + -4 + 5)?
-10
Calculate (4 - (8 - -1)) + 7.
2
What is the value of 9 - (6 + 0 + -4)?
7
Evaluate 5 - 5 - (7 - 2).
-5
What is the value of (-17 - -21) + (-3 - 1)?
0
Calculate (19 - (13 - -1)) + (1 - -1).
7
Calculate 3 - -2 - (-31 - -29).
7
Calculate -8 - (24 - 27 - (1 + -6)).
-10
Evaluate -5 - 1 - (1 - 3 - -1).
-5
What is the value of (-2 - -3) + (0 - 4)?
-3
What is the value of (1 - 1) + 0 + -5?
-5
Calculate (31 - 38) + (1 - -7).
1
What is the value of -19 - ((18 - 3) + -26)?
-8
What is the value of 4 + -10 + 5 - -3?
2
What is 0 - ((1 - 6) + -1 - 0)?
6
Evaluate 2 + 0 + 3 + -10 + -4.
-9
Evaluate (10 - (3 - 2)) + -9.
0
Calculate 15 + 2 - 8 - 10.
-1
What is the value of 1 + (4 + 1 - 1)?
5
Evaluate -1 + (2 - -1) + -1.
1
Evaluate (-4 - (7 - 1 - 9)) + 3.
2
(0 - (1 - 1)) + (0 - 2)
-2
Calculate 10 + -2 + -3 - 3.
2
What is the value of 2 - (-15 + 14 + 6 + 1)?
-4
-13 - -12 - (-1 - 0 - 2)
2
(0 - 0) + 1 + -3 + 1
-1
(3 - 1) + 2 - (1 + -1)
4
-13 - 2 - (-3 + -8)
-4
Calculate (-1 + -3 - -5) + 1.
2
Evaluate (-11 - -1) + 8 + -4.
-6
What is the value of -3 + 1 + 2 - (-23 + 25)?
-2
What is the value of (-2 - (2 + 1) - 0) + 10?
5
What is the value of (5 - 2) + -10 + 2 - -11?
6
Evaluate 0 + (-8 - (1 - 6)).
-3
Evaluate (-1 - -7 - 2) + -8 + 3.
-1
Evaluate -6 - ((6 - -3) + -22).
7
Calculate (-15 + 4 - -20) + (3 - 2).
10
What is 3 - ((2 + -4 - 2) + 13)?
-6
-1 + 1 - (220 + -228)
8
What is the value of (-5 - (0 - 0)) + (10 - 2)?
3
What is the value of 12 - 25 - (2 + -9)?
-6
3 + -3 + 1 + -1 - 3
-3
1 + -1 - (-10 + 1 - -4)
5
Calculate 3 + 4 + -3 + -4.
0
What is -9 + 7 + 1 - (2 + 0)?
-3
Evaluate (-3 - 2) + -13 + 7 + 7.
-4
-6 + (2 - 6) + 2 + 3
-5
What is the value of 3 + 8 - 7 - (-1 + 10)?
-5
Evaluate 1 + -1 + -2 + -8 + 13.
3
7 + (-6 - -12 - 12) - -1
2
Calculate -9 - (-5 - (-3 - (-3 - -1))).
-5
-9 + 8 + (-4 + 1 - -4)
0
What is 4 + -6 + 2 + -6?
-6
Calculate 0 + 3 + 12 + -7.
8
What is the value of 15 - 25 - (-4 + 0)?
-6
Evaluate (-5 - 3) + 6 + 6 + -4.
0
-3 + (-2 - -1) - (3 - -2)
-9
Calculate (-5 + 2 + 2 - -3) + 4.
6
2 - ((0 - -4) + -8 + 1)
5
What is the value of (4 - (4 - -2)) + (-3 - -9)?
4
-18 - -24 - (15 - 4)
-5
Evaluate (-2 - 0) + -2 + 0.
-4
Calculate -2 - (-1 + (-2 - -4) - 3).
0
What is (1 - 9) + (-32 - -40)?
0
Calculate -21 + 11 + 6 - (2 - 1).
-5
Evaluate (1 - -1) + (11 - 18).
-5
Calculate (0 - (4 - 2)) + 1 + -2.
-3
-3 - ((-6 - 2) + 3)
2
Evaluate -11 - -5 - (-6 - 7).
7
What is the value of -7 + 4 + -2 - -1?
-4
What is the value of (3 + 4 - 4 - -1) + 1?
5
1 + 3 + 12 + -16
0
What is 4 - 12 - (-3 + 0)?
-5
What is 5 - (4 - (-1 + -7) - 4)?
-3
What is the value of (3 - 7) + (-3 + 3 - 1)?
-5
Calculate -3 + 5 - (-4 + 3).
3
What is the value of 7 - -3 - (7 - 1)?
4
What is the value of 3 + -2 + -2 - 4?
-5
Evaluate -3 - (-4 + -1) - 7 - -10.
5
Calculate 34 - 38 - (-2 - (3 + -7)).
-6
Evaluate (-9 - -3) + -4 + 1 + 9.
0
What is the value of -3 + 0 - -4 - (-4 - -4)?
1
What is the value of -3 - -1 - (95 - 98)?
1
What is -6 - -4 - 0 - (0 + 0)?
-2
Evaluate (4 - 3 - 4) + -2 + 4.
-1
Evaluate -13 - (-17 - (7 + -9)).
2
Calculate 6 - (4 - (-2 + 6)).
6
What is -8 + (3 - -6) + 0 + -6?
-5
Calculate 1 - -1 - ((0 - 0) + 3).
-1
3 - ((-5 - -2) + 6)
0
-12 + 11 + 5 - 9
-5
Evaluate 0 + 7 + 2 + 4 + -3.
10
What is (2 - -5) + -3 + -4 + -3?
-3
-7 + 10 + 0 + 2
5
Evaluate 2 - (-1 + (-4 - -3 - -6)).
-2
-1 - (0 - -1) - (-2 + -5)
5
Evaluate (0 - 1) + (-1 - -4) + -4.
-2
Calculate -1 - -1 - 2 - (53 + -51).
-4
Evaluate -3 - ((-2 - 0) + 4 - 2).
-3
Calculate (5 - 20) + 11 - 4.
-8
Calculate 4 + (0 - (-4 + -3)) + -2.
9
What is (13 - 0) + -5 + -3?
5
(-25 - -9) + 2 - -8
-6
What is -1 - -7 - ((-7 - -5) + 5)?
3
Evaluate (-3 - (0 + 8)) + 66 + -58.
-3
What is (-10 - -4 - -3) + 3 + 5?
5
0 + (-5 + -6 + 10 - -7)
6
Calculate 9 + -2 - 1 - 8.
-2
What is 11 - 8 - (-3 + 1)?
5
-5 - (-2 + -1) - (-30 - -24)
4
What is 0 - 1 - (-25 - -23) - 1?
0
What is (10 - 6 - 3) + -1?
0
What is -7 - -9 - (-2 + 2 + 5)?
-3
Calculate -1 - (-5 + 1 + -41 + 38).
6
What is -4 + (0 - -4) + -2?
-2
Evaluate 14 - (0 - (-6 - 2) - 0).
6
What is 5 + (-2 - (-3 - (0 + -3)))?
3
What is (0 - 2 - -1) + (51 - 56)?
-6
Calculate 6 - (2 - 1) - (24 + -14).
-5
-1 + (1 - (1 + -2))
1
What is (5 - 1) + (-4 - -1) + 1?
2
What is the value of -4 - ((-1 - -5 - 2) + -3)?
-3
Calculate 1 + 7 + -3 - (0 - -3).
2
Calculate (5 - (10 - 2)) + 3.
0
Calculate 4 - (-1 + 2 - -1).
2
Calculate 2 + (2 - (7 - 1) - 2).
-4
Calculate -1 - ((-1 - 6) + 4).
2
Evaluate (5 - (-7 - -5)) + -13 - -1.
-5
Calculate (-6 - 1) + (6 - 5).
-6
What is the value of -1 - ((1 - 7) + 3)?
2
Evaluate -22 + (9 + 6 - 0).
-7
What is 7 - (-8 - (-22 + 4))?
-3
Evaluate 88 + -90 + (3 - (1 + -2)).
2
7 + (-3 + 2 + 0 - 2)
4
What is 10 - (3 + 6 + -4)?
5
What is the value of -6 - (-4 + (2 - 9))?
5
Calculate (0 + -4 - 4) + 4.
-4
Evaluate -117 + 124 + -9 + -1.
-3
Evaluate -1 + -5 + 16 + -15.
-5
(3 - (-7 - -16)) + 6
0
What is (-3 - (1 + -5)) + -3 + -2?
-4
5 - (3 + 2 + (1 - 2))
1
-4 + (-6 - (2 - 4)) + 9
1
What is the value of (3 + -4 - 2) + 0?
-3
What is -10 + 7 - (-5 + 0 + -1)?
3
What is -10 - (-9 + 11 + -10)?
-2
Evaluate -12 - (-3 + (-2 - -1)).
-8
-2 - (-15 - -10) - (5 + -1)
-1
5 + (-4 - (3 + 1))
-3
What is the value of -1 + 5 - (4 - (-3 + 0))?
-3
Evaluate -14 + 3 - -4 - -11.
4
(3 - 4 - 4) + 0
-5
Evaluate 1 - (0 + 3) - (-27 - -22).
3
-3 - (-4 + (-4 - -1))
4
What is the value of -1 + 2 - (16 + -2 - 5)?
-8
-1 - 1 - (1 - 3)
0
What is the value of 0 + (-10 - -8) + (-2 - 0)?
-4
What is -1 - -1 - (0 - -3 - 1)?
-2
What is the value of (-4 - 2) + (3 - 2 - -1)?
-4
Evaluate 1 - (3 - (7 - 3)).
2
Evaluate -1 + -1 - -5 - (-18 - -20).
1
-1 + (-8 - -1) + 6 + 6
4
-18 - -17 - (2 - 2 - -2)
-3
Calculate -4 - -3 - (-7 + (2 - 1)).
5
What is the value of 1 - ((0 - -3) + -3 + 1)?
0
Evalua